f a composite number?
True
Suppose -37*h + 2965434 - 454837 = -246680. Is h composite?
False
Let u(y) = 4*y**2 - 122*y + 125. Is u(88) a composite number?
True
Suppose 150478 - 469381 = -f + 2*k, 3*f - 5*k - 956703 = 0. Is f a composite number?
True
Let m be ((-8)/(-6))/(10/(-255))*-1. Suppose -m = -7*g - 13. Let n(q) = 34*q**2 - 5*q + 16. Is n(g) prime?
True
Let i be -2*1 - (6 + 4 + -5). Let u(w) = -w - 4. Let m be u(i). Suppose -m*s + 5*c = -157, 3*c + 224 = 4*s - 0*s. Is s a prime number?
True
Suppose -2*h = 3*q + 11, 0*q - 21 = -3*h + 3*q. Suppose k + 0*l - 61 = 2*l, 3*k + 4*l = 163. Suppose -h*u - 4 = 0, -j + 2*u = -3*u - k. Is j a composite number?
False
Let j = 13897 - -17946. Is j a composite number?
True
Let r be -63 + (-4 - (-4 - -4)). Let t = 69 + r. Suppose -t*v - v = -2247. Is v prime?
False
Let v(p) = -701*p**3 + 5*p + 1. Let r(h) = h. Let s be -5 - (3*2/(-3) + 1). Let n(i) = s*r(i) + v(i). Is n(-1) a composite number?
False
Suppose 5*l = -2*q + 9103, -5*l + 3 = -2. Suppose 0*s + 3*s - 4*x = q, -s - 3*x = -1499. Is s prime?
True
Is ((-7)/(-35))/(4/5778580) a prime number?
True
Suppose c - 11030 = -k, -c + 4690 + 6352 = -3*k. Let h = 18487 - c. Is h composite?
True
Let p(w) = 433*w**2 - 7*w. Let u be p(-2). Is (-114)/(-9)*u/12 a composite number?
True
Suppose 2*k - 19178 = 4*a, 5*k + 7*a - 2*a - 47930 = 0. Is k composite?
False
Let x be -5*(-1)/5*2. Let b(f) = 31*f**x + 2*f - 1 + 17*f**2 + 35*f**2 - 7*f**2. Is b(1) composite?
True
Let i be (-4 + (-122845)/10)*1*-2. Let u = -39775 + i. Is (u/85)/((-4)/10) prime?
False
Suppose -2*p + 2813 + 3793 = 0. Suppose -3*n + p = -0*n. Let o = -428 + n. Is o a composite number?
False
Let c(y) = -y - 2. Let z be c(-2). Is (-22)/33 + (154113/9 - z) a composite number?
False
Let h = -360 - -354. Is 2*((-4)/h - 198345/(-90)) composite?
False
Let j = 52666 - -20413. Is j prime?
True
Let i(j) = -j**3 - 6*j**2 + 12*j + 27. Let g be i(-6). Let z = g - -38. Is (-1874)/(-4) + (-2)/28*z a prime number?
False
Suppose 0 = 4*f - 12, 3*f = 5*v + 678 - 12804. Let d = -1064 + v. Is d a composite number?
True
Suppose -5462041 = 136423*b - 136436*b. Is b a prime number?
False
Is (900/540)/(5/120693) a composite number?
False
Suppose 5161737 = 63*q - 13674066. Is q a prime number?
False
Let x = -438 - -743. Suppose -5*n + 2*a + 1392 = 0, 108 = -2*n + 2*a + 666. Suppose n = b - x. Is b a composite number?
True
Suppose -p + 5*i + 1086 = 0, 1615 = -4*p - i + 5980. Let a be (9 - (15 - -164))*1*-23. Let h = a - p. Is h prime?
True
Let s(u) = 39260*u**2 - 44*u + 237. Is s(5) prime?
True
Let f = 5879 + 6960. Is f a prime number?
False
Let v(i) = 411*i + 39. Let a = 136 - 128. Is v(a) a prime number?
False
Suppose -269 = -7*k + 431. Let u = -98 + k. Is 24390/42 + 6 + u/7 a prime number?
True
Suppose 4*j = -j - 2*b + 74, 5*b = -4*j + 66. Suppose j = d + 9. Suppose 3265 = -0*a + d*a. Is a a prime number?
True
Suppose 4*z + 18 = 5*w, 3 + 7 = -5*z. Let r be 2/(-14) + 87/21. Suppose q + r*d - 195 = 0, -406 = -w*q - 0*d - 4*d. Is q prime?
True
Let o(q) = 4489*q**3 - q**2 + q - 2. Let y be o(1). Let g = y - 1444. Is g a composite number?
True
Let j(x) = x**3 + 12*x**2 + 3*x + 17. Let f be j(-14). Let t = -267 - f. Suppose 3*v = 3*i + 480, -t - 337 = -3*v - 4*i. Is v a prime number?
False
Suppose -s + 24426 = p - 17395, 2*s + 209063 = 5*p. Is p composite?
True
Suppose i - 77 = -218. Let s = -95 - i. Is (1976/2)/1 - (-138)/s a prime number?
True
Suppose 4*q - 13 = -5*w, -19 = -q - 0*w + 4*w. Suppose q*i + 83 = 2*p + 4*i, -p = 5*i - 9. Is p composite?
True
Suppose -6626 - 11419 = -15*b. Is b a prime number?
False
Let x be (6/(-8)*-6)/((-3)/(-292)). Suppose -2*o - 4*u + 202 + 724 = 0, o - x = 3*u. Let z = -4 + o. Is z composite?
False
Suppose 2*q - 724 = 332. Suppose 0 = 82*u - 106*u. Suppose 2*v + 2*s = q, 2*v + u*v - 525 = s. Is v composite?
False
Suppose s - 75414 = -5*n, -s + 0*s + 60332 = 4*n. Suppose 221*d + n = 223*d. Is d a prime number?
True
Let k = 224 - 210. Suppose -12*p = -k*p + 4990. Is p prime?
False
Suppose 20*d - 21*d - g = -11504, 0 = -2*d + 5*g + 23029. Is d prime?
False
Suppose -13*t + 381584 = -269417. Is t a prime number?
True
Suppose 5*h = -7*j + 509644, -3*h - 2*j = -217616 - 88177. Is h a prime number?
False
Suppose 2*h + 1896 = 14*h. Suppose -101 = -3*f + 136. Let g = h - f. Is g a composite number?
False
Suppose 46*u - 4060817 = 29*u - 120*u. Is u prime?
True
Is 16551612/252 - (-20 - -2) a composite number?
False
Let d = -81130 + 114851. Is d composite?
False
Let v be (-58 - -58) + 7442 + 0. Let f = v + -4245. Is f a prime number?
False
Let g be 1 + (-6204 - 5) + 3. Let l = g + 12494. Is l a prime number?
False
Let q be ((-1)/2)/(5/(-190)). Suppose l + 17 = -q. Is (-13 + 9/(l/(-8)))*-89 a composite number?
True
Let v(o) = 2373*o**2 + 42*o + 335. Is v(-8) composite?
False
Let q be (-2810)/14 + (-4 - (-52)/14). Is (2681/(-3))/(67/q) a prime number?
False
Let k be (2/(4/(-13)))/((-34)/68). Suppose 0 = -k*b + 17*b - 6244. Is b prime?
False
Let u(j) = -j**3 - j**2 + 5*j + 2. Suppose -h + 6 = -a + 2, -a + 5*h = 8. Let l be u(a). Suppose t + l*b = -0*t + 697, -2*t + 1394 = 3*b. Is t prime?
False
Suppose 616787 + 3756550 + 133847132 = 181*s. Is s prime?
True
Let x(y) = 38*y**2 - 21*y - 6. Let k be x(-3). Suppose v = 5*d + 463, -545 = -2*v + d + k. Is v composite?
True
Let a(n) = 12 - 63*n - 25*n - 94*n + 3. Suppose 4*l = 5*l + 2. Is a(l) a prime number?
True
Let i(t) = -20*t**2 - 13*t - 13. Let f(y) = -19*y**2 - 13*y - 13. Let v(k) = 5*f(k) - 6*i(k). Let x(c) = -c. Let w(j) = v(j) + x(j). Is w(8) a composite number?
False
Suppose -2*g = -5 + 13. Let r be 0 + (0 - g) + -18. Is 956 + (-2 - r)/4 a prime number?
False
Suppose -16*i = 50*i - 984918. Is i a composite number?
False
Let g be 3/(-3)*(3 + -8). Suppose 0 = -0*x + 3*x + 4*c + 10, 0 = -g*x - 3*c - 2. Suppose x*r = -r + 30. Is r a prime number?
False
Suppose 3*g = g + 2. Let w be 6824 + (4 - 3)/g. Suppose 5*i + 0*i + 5*f - w = 0, -2*f = -i + 1353. Is i prime?
True
Suppose 5*u - 2312337 = -4*i, 3*i = 18*u - 15*u - 1387413. Is u prime?
False
Let k = 16 + -18. Let j be ((-13)/39)/(k/10722). Let f = -948 + j. Is f a composite number?
False
Let m(w) = 49*w**2 - 18*w + 6. Let r be m(12). Let v = -32 + r. Suppose -v = 13*y - 15*y. Is y a composite number?
False
Let n(w) = -2*w - 26. Let r be n(-13). Suppose -11556 = -r*g + 3*g. Let p = 6355 + g. Is p a composite number?
False
Let n = -372 + 3358. Let d = -1649 + n. Is (-4)/10 - (d/(-5) + -4) prime?
True
Suppose 3535*h = 3541*h - 223122. Is h a prime number?
False
Let n(p) = 220*p**2 - 47*p + 36. Is n(-23) composite?
False
Let j = 6534 - -32795. Is j a prime number?
False
Let b(n) = 2*n**2 - 2*n - 2. Let z be b(-1). Let l(a) = -z*a + 1528*a**2 - a + 5*a + 13 - 10. Is l(-1) prime?
False
Suppose 2*z - 13 = -21. Let v be 386 - (7 + (z - 0))*1. Let n = v + -124. Is n composite?
True
Let w(q) = -34797*q - 5. Let h be w(-5). Suppose -28*f + 24*f = -h. Is f a prime number?
False
Let l(i) be the first derivative of -i**2 + i + 16. Let y be l(-2). Suppose 4*n + 3*w - 376 = 6*w, -473 = -y*n + 3*w. Is n prime?
True
Let z be (-52)/(-8) - (42/12 - 3). Is 2113150/78 - z/9 prime?
True
Suppose -x = 4*k - 3470617, 293*k - 298*k + 4338285 = 4*x. Is k a composite number?
False
Suppose -6*a = -3*f - 4*a + 110729, 2*f + 4*a - 73830 = 0. Is f a prime number?
False
Is (1/5 - (-60)/(-675)) + 1333554/27 a composite number?
False
Suppose 0 = -25*k - 4742415 + 21101299 + 7230841. Is k a prime number?
True
Suppose 5*s = -5*r - 3310, -5*r - 1980 = 14*s - 11*s. Let y = s + 960. Is y composite?
True
Suppose 4*t + 3*s - 23 = 0, -8*s = -2*t - 5*s + 7. Suppose 4*h - t*x = 5909, 0 = 3*h - 4*x - 0*x - 4433. Is h a composite number?
False
Suppose z = -2*h + 1099, -2*z + 6*z - 2188 = -4*h. Suppose -745 = -t - 4*t. Let b = t + h. Is b composite?
False
Let l = -156939 - -349856. Is l composite?
False
Let u(k) = -11*k**3 - 9*k**2 + 35*k - 39. Let g(s) = -6*s**3 - 5*s**2 + 17*s - 19. Let q(t) = 5*g(t) - 3*u(t). Is q(11) prime?
False
Let w be 71526/49 + (-4)/(-14). Let c = w - -71. Is c composite?
False
Let k(t) = 1913*t - 5. Let m be 10*2*(3/(-5))/(-3). Suppose -m = -2*b - 0. Is k(b) prime?
True
Suppose v - 19 = -4*i, 0*v = 5*v + 5*i - 110. Suppose 0 = -